{"id":5338,"date":"2013-05-29T12:23:12","date_gmt":"2013-05-29T09:23:12","guid":{"rendered":"http:\/\/www.valonkuvaaja.com\/blogi\/?page_id=5338"},"modified":"2014-06-05T15:49:05","modified_gmt":"2014-06-05T13:49:05","slug":"valokuvanayttelyt","status":"publish","type":"page","link":"https:\/\/www.valonkuvaaja.com\/blogi\/valokuvanayttelyt","title":{"rendered":"Valokuvan\u00e4yttelyt"},"content":{"rendered":"<p>Olen j\u00e4rjest\u00e4nyt t\u00e4h\u00e4n menness\u00e4 kaksi valokuvan\u00e4yttely\u00e4, joissa molemmissa on esill\u00e4 ollut vain ottamiani valokuvia.<\/p>\n<p>Ensimm\u00e4isen <a href=\"http:\/\/www.valonkuvaaja.com\/valokuvaus\/valokuvanayttelyt\/tahan-asti\">T\u00e4h\u00e4n asti<\/a> -n\u00e4yttelyn pidin H\u00e4meenlinnan p\u00e4\u00e4kirjaston yl\u00e4aulassa elokuussa 2009. Toisen <a href=\"http:\/\/www.valonkuvaaja.com\/valokuvaus\/valokuvanayttelyt\/varia-pimeaan\">V\u00e4ri\u00e4 pime\u00e4\u00e4n<\/a> -n\u00e4yttelyn pidin Porvoon p\u00e4\u00e4kirjaston p\u00e4\u00e4aulassa lokakuussa 2011.<\/p>\n<p>N\u00e4yttelyt ovat onnistuneet hyvin niin teknisesti kuin muutenkin. Vieraskirjaan on kertynyt paljon nimi\u00e4 ja mukavaa palautetta. Sek\u00e4 j\u00e4rjest\u00e4miini n\u00e4yttelyn paras kuva\u00e4\u00e4nestykseen on osallistunut runsaasti ihmisi\u00e4.<\/p>\n<p>Tuleva n\u00e4yttelykin on jo ty\u00f6n alla. Se kantaa nime\u00e4: <a href=\"http:\/\/www.valonkuvaaja.com\/valokuvaus\/valokuvanayttelyt\/kotokulmilta\" target=\"_blank\"><em>Kotokulmilta<\/em><\/a>. N\u00e4yttelyn ajankohta on 27.1.-9.2.2014 ja paikka on H\u00e4meenlinnan p\u00e4\u00e4kirjaston yl\u00e4aula. N\u00e4yttelyn p\u00e4\u00e4paino on t\u00e4ll\u00e4kin kertaa luonto, mutta mukana on my\u00f6s joitain kuvia arkkitehtuurisistakin kohteista.<\/p>\n","protected":false},"excerpt":{"rendered":"<p>Olen j\u00e4rjest\u00e4nyt t\u00e4h\u00e4n menness\u00e4 kaksi valokuvan\u00e4yttely\u00e4, joissa molemmissa on esill\u00e4 ollut vain ottamiani valokuvia. Ensimm\u00e4isen T\u00e4h\u00e4n asti -n\u00e4yttelyn pidin H\u00e4meenlinnan p\u00e4\u00e4kirjaston yl\u00e4aulassa elokuussa 2009. Toisen V\u00e4ri\u00e4 pime\u00e4\u00e4n -n\u00e4yttelyn pidin Porvoon p\u00e4\u00e4kirjaston p\u00e4\u00e4aulassa lokakuussa 2011. N\u00e4yttelyt ovat onnistuneet hyvin niin teknisesti &hellip; <a href=\"https:\/\/www.valonkuvaaja.com\/blogi\/valokuvanayttelyt\">Lue loppuun <span class=\"meta-nav\">&rarr;<\/span><\/a><\/p>\n","protected":false},"author":1,"featured_media":0,"parent":0,"menu_order":0,"comment_status":"closed","ping_status":"closed","template":"","meta":{"footnotes":""},"class_list":["post-5338","page","type-page","status-publish","hentry"],"aioseo_notices":[],"_links":{"self":[{"href":"https:\/\/www.valonkuvaaja.com\/blogi\/wp-json\/wp\/v2\/pages\/5338","targetHints":{"allow":["GET"]}}],"collection":[{"href":"https:\/\/www.valonkuvaaja.com\/blogi\/wp-json\/wp\/v2\/pages"}],"about":[{"href":"https:\/\/www.valonkuvaaja.com\/blogi\/wp-json\/wp\/v2\/types\/page"}],"author":[{"embeddable":true,"href":"https:\/\/www.valonkuvaaja.com\/blogi\/wp-json\/wp\/v2\/users\/1"}],"replies":[{"embeddable":true,"href":"https:\/\/www.valonkuvaaja.com\/blogi\/wp-json\/wp\/v2\/comments?post=5338"}],"version-history":[{"count":4,"href":"https:\/\/www.valonkuvaaja.com\/blogi\/wp-json\/wp\/v2\/pages\/5338\/revisions"}],"predecessor-version":[{"id":5343,"href":"https:\/\/www.valonkuvaaja.com\/blogi\/wp-json\/wp\/v2\/pages\/5338\/revisions\/5343"}],"wp:attachment":[{"href":"https:\/\/www.valonkuvaaja.com\/blogi\/wp-json\/wp\/v2\/media?parent=5338"}],"curies":[{"name":"wp","href":"https:\/\/api.w.org\/{rel}","templated":true}]}}