{"id":2624,"date":"2012-01-12T19:07:12","date_gmt":"2012-01-12T17:07:12","guid":{"rendered":"http:\/\/www.valonkuvaaja.com\/blogi\/?page_id=2624"},"modified":"2014-02-05T12:59:04","modified_gmt":"2014-02-05T10:59:04","slug":"kuvapankit","status":"publish","type":"page","link":"https:\/\/www.valonkuvaaja.com\/blogi\/kuvapankit","title":{"rendered":"Kuvapankit"},"content":{"rendered":"<p>Myynniss\u00e4 olevia valokuviani voitte k\u00e4yd\u00e4 katsomassa seuraavissa kuvapankeissa:<\/p>\n<h1><strong>Cartina.fi<\/strong><\/h1>\n<p>Kuvatoimisto Cartinan teemat ovat pitk\u00e4lti py\u00f6rineet luontoon ja ihmiseen liittyviss\u00e4 arkisissa sek\u00e4 erikoisissa asioissa. Monista kuvista l\u00f6ytyy tarvittaessa rinnakkaisia, tiukemmalla tai l\u00f6yhemm\u00e4ll\u00e4 rajauksella, vaaka- ja rinnakkaisversio. Jatkossa kehit\u00e4mme tarjontaamme entist\u00e4 voimakkaammin asiakkaidemme tarpeiden mukaan. <a href=\"http:\/\/cartinafinland.fi\/fi\/search\/Markus+Kauppinen.html\" target=\"_blank\">Cartinassa myynniss\u00e4 olevat valokuvani l\u00f6yd\u00e4t t\u00e4\u00e4lt\u00e4.<\/a><\/p>\n<h3><strong>Vastavalo.fi<\/strong><\/h3>\n<p>Kuvatoimisto Vastavalo on vuonna 2004 perustettu satojen asiakkaiden k\u00e4ytt\u00e4m\u00e4 vakaa ja nopea kuvapalvelu. Selke\u00e4t ja edulliset hinnat kuvien yhteydess\u00e4 helpottavat ostamista. Saatavilla my\u00f6s paljon kuvia Royalty Free &#8211; oikeuksin. Hyv\u00e4 kuvahaku ja teemoittain jaettu kuvapankki nopeuttavat kuvien l\u00f6ytymist\u00e4. <a href=\"http:\/\/www.vastavalo.fi\/thumbnails.php?album=lastupby&amp;uid=3291\" target=\"_blank\">Vastavalo.fi:ss\u00e4 myynniss\u00e4 olevat valokuvani l\u00f6yd\u00e4t t\u00e4\u00e4lt\u00e4.<\/a><\/p>\n<p>&nbsp;<\/p>\n<h4>Tietoa kuvien ostamisen vaihtoehdoista<\/h4>\n<p><span style=\"font-size: large;\">Yhden kuvan ostaminen<\/span><\/p>\n<p><span style=\"font-size: medium;\"><strong>Suoraan minulta:<\/strong><\/span><\/p>\n<ol>\n<li>Voit kertoa (mtj@mtj-art.com) millaista kuvaa tarvitset ja l\u00e4het\u00e4n sitten s\u00e4hk\u00f6postitse muutaman esikatselukuvan parhaiten tarpeisiisi sopivista kuvistani.<\/li>\n<li>Sopivan kuvan l\u00f6ydytty\u00e4 sovitaan hinta.<\/li>\n<li>Sitten l\u00e4het\u00e4n teille haluamanne valokuvan sek\u00e4 kopion sivutuloverokortistani kuvan maksamista varten.<\/li>\n<\/ol>\n<p><strong>Kuvapankin kautta:<\/strong><\/p>\n<ol>\n<li>Voit kertoa\u00a0(mtj@mtj-art.com) millaista kuvaa tarvitset ja lis\u00e4\u00e4 sitten sopivia kuvia <a href=\"http:\/\/www.valonkuvaaja.com\/valokuvaus\/kuvamyynti\/kuvapankit\" target=\"_blank\">kuvapankkeihin<\/a>.<\/li>\n<li>Ilmoitan s\u00e4hk\u00f6postilla sitten linkin jonka kautta voit k\u00e4yd\u00e4 haluamasi kuvan ostamassa.<\/li>\n<\/ol>\n<p><span style=\"font-size: large;\">Useamman kuvan ostaminen<\/span><\/p>\n<p><strong>Suoraan minulta:<\/strong><\/p>\n<ol>\n<li>Voit kertoa\u00a0(mtj@mtj-art.com) millaista kuvaa tarvitset ja l\u00e4het\u00e4n sitten s\u00e4hk\u00f6postitse muutaman esikatselukuvan parhaiten tarpeisiisi sopivista kuvistani.<\/li>\n<li>Sopivan kuvan l\u00f6ydytty\u00e4 sovitaan hinta.<\/li>\n<li>Sitten l\u00e4het\u00e4n teille laskun <a href=\"http:\/\/www.eezy.fi\/\" target=\"_blank\">Eezy -osuuskunnan<\/a> kautta.<\/li>\n<\/ol>\n<p><strong>Kuvapankin kautta:<\/strong><\/p>\n<ol>\n<li>Voit kertoa (mtj@mtj-art.com) millaisia kuvia tarvitset ja lis\u00e4\u00e4 sitten sopivia kuvia <a href=\"http:\/\/www.valonkuvaaja.com\/valokuvaus\/kuvamyynti\/kuvapankit\" target=\"_blank\">kuvapankkeihin<\/a>.<\/li>\n<li>Ilmoitan s\u00e4hk\u00f6postilla sitten linkin jonka kautta voit k\u00e4yd\u00e4 haluamasi kuvan ostamassa.<\/li>\n<\/ol>\n","protected":false},"excerpt":{"rendered":"<p>Myynniss\u00e4 olevia valokuviani voitte k\u00e4yd\u00e4 katsomassa seuraavissa kuvapankeissa: Cartina.fi Kuvatoimisto Cartinan teemat ovat pitk\u00e4lti py\u00f6rineet luontoon ja ihmiseen liittyviss\u00e4 arkisissa sek\u00e4 erikoisissa asioissa. Monista kuvista l\u00f6ytyy tarvittaessa rinnakkaisia, tiukemmalla tai l\u00f6yhemm\u00e4ll\u00e4 rajauksella, vaaka- ja rinnakkaisversio. Jatkossa kehit\u00e4mme tarjontaamme entist\u00e4 voimakkaammin &hellip; <a href=\"https:\/\/www.valonkuvaaja.com\/blogi\/kuvapankit\">Lue loppuun <span class=\"meta-nav\">&rarr;<\/span><\/a><\/p>\n","protected":false},"author":1,"featured_media":0,"parent":0,"menu_order":0,"comment_status":"closed","ping_status":"closed","template":"","meta":{"footnotes":""},"class_list":["post-2624","page","type-page","status-publish","hentry"],"aioseo_notices":[],"_links":{"self":[{"href":"https:\/\/www.valonkuvaaja.com\/blogi\/wp-json\/wp\/v2\/pages\/2624","targetHints":{"allow":["GET"]}}],"collection":[{"href":"https:\/\/www.valonkuvaaja.com\/blogi\/wp-json\/wp\/v2\/pages"}],"about":[{"href":"https:\/\/www.valonkuvaaja.com\/blogi\/wp-json\/wp\/v2\/types\/page"}],"author":[{"embeddable":true,"href":"https:\/\/www.valonkuvaaja.com\/blogi\/wp-json\/wp\/v2\/users\/1"}],"replies":[{"embeddable":true,"href":"https:\/\/www.valonkuvaaja.com\/blogi\/wp-json\/wp\/v2\/comments?post=2624"}],"version-history":[{"count":6,"href":"https:\/\/www.valonkuvaaja.com\/blogi\/wp-json\/wp\/v2\/pages\/2624\/revisions"}],"predecessor-version":[{"id":6022,"href":"https:\/\/www.valonkuvaaja.com\/blogi\/wp-json\/wp\/v2\/pages\/2624\/revisions\/6022"}],"wp:attachment":[{"href":"https:\/\/www.valonkuvaaja.com\/blogi\/wp-json\/wp\/v2\/media?parent=2624"}],"curies":[{"name":"wp","href":"https:\/\/api.w.org\/{rel}","templated":true}]}}