{"id":930,"date":"2011-05-29T17:30:10","date_gmt":"2011-05-29T14:30:10","guid":{"rendered":"http:\/\/www.valonkuvaaja.com\/blogi"},"modified":"2012-02-16T18:00:00","modified_gmt":"2012-02-16T16:00:00","slug":"rss-syotteet","status":"publish","type":"page","link":"http:\/\/www.valonkuvaaja.com\/blogi\/rss-syotteet","title":{"rendered":"RSS-sy\u00f6tteet"},"content":{"rendered":"<p>Voit halutessasi tilata Valonkuvaajan blogista erilaisia RSS-sy\u00f6tteit\u00e4. Tilaaminen tapahtuu niin, ett\u00e4 klikkaa haluamasi RSS-sy\u00f6tteen kohdasta l\u00f6ytyv\u00e4\u00e4 linkki\u00e4 ja sitten tallenna RSS-sy\u00f6te haluamaasi RSS-lukijaasi. Useimmissa selaimmissa on jo itsess\u00e4\u00e4n RSS-lukija tai sitten voi vaihtoehtoisesti kopioida RSS-sy\u00f6tteen URL-osoitteen ja liitt\u00e4\u00e4 sen esimerkkiksi ilmaiseen selaimessa toimivaan Google Reader ohjelmaan.<\/p>\n<p><strong>Valonkuvaaja.com perus sivuston RSS-sy\u00f6tteen tilaaminen:<\/strong><br \/>\n<a href=\"http:\/\/www.valonkuvaaja.com\/feed.rss\" target=\"_blank\">http:\/\/www.valonkuvaaja.com\/feed.rss<\/a><\/p>\n<p><strong>Koko blogin RSS-sy\u00f6teen tilaaminen:<\/strong><br \/>\n<a href=\"http:\/\/www.valonkuvaaja.com\/blogi\/feed\/\">http:\/\/www.valonkuvaaja.com\/blogi\/feed\/<\/a><\/p>\n<p><strong>Blogikirjoitusten RSS-sy\u00f6tteen tilaaminen:<\/strong><br \/>\n<a href=\"http:\/\/www.valonkuvaaja.com\/blogi\/category\/blogit\/feed\">http:\/\/www.valonkuvaaja.com\/blogi\/category\/blogit\/feed<\/a><\/p>\n<p><strong>K\u00e4yt\u00f6ntuki opastusten RSS-sy\u00f6tteen tilaaminen:<\/strong><br \/>\n<a href=\"http:\/\/www.valonkuvaaja.com\/blogi\/category\/kaytontuki\">http:\/\/www.valonkuvaaja.com\/blogi\/category\/kaytontuki<\/a><\/p>\n<p><strong>Linkkivikkej\u00e4 sis\u00e4lt\u00e4vien kirjoitusten RSS-sy\u00f6tteen tilaaminen:<\/strong><br \/>\n<a href=\"http:\/\/www.valonkuvaaja.com\/blogi\/category\/linkkivinkit\">http:\/\/www.valonkuvaaja.com\/blogi\/category\/linkkivinkit<\/a><\/p>\n<p><strong>Erilaisten asioiden testaamista sis\u00e4lt\u00e4vien kirjoitusten RSS-sy\u00f6tteen tilaaminen:<\/strong><br \/>\n<a href=\"http:\/\/www.valonkuvaaja.com\/blogi\/category\/testaus\">http:\/\/www.valonkuvaaja.com\/blogi\/category\/testaus<\/a><\/p>\n<p><strong>Valokuviini liittyvien artikkeleiden RSS-sy\u00f6ttee tilaaminen:<\/strong><br \/>\n<a href=\"http:\/\/www.valonkuvaaja.com\/blogi\/category\/valokuviani\">http:\/\/www.valonkuvaaja.com\/blogi\/category\/valokuviani<\/a><\/p>\n","protected":false},"excerpt":{"rendered":"<p>Voit halutessasi tilata Valonkuvaajan blogista erilaisia RSS-sy\u00f6tteit\u00e4. Tilaaminen tapahtuu niin, ett\u00e4 klikkaa haluamasi RSS-sy\u00f6tteen kohdasta l\u00f6ytyv\u00e4\u00e4 linkki\u00e4 ja sitten tallenna RSS-sy\u00f6te haluamaasi RSS-lukijaasi. Useimmissa selaimmissa on jo itsess\u00e4\u00e4n RSS-lukija tai sitten voi vaihtoehtoisesti kopioida RSS-sy\u00f6tteen URL-osoitteen ja liitt\u00e4\u00e4 sen esimerkkiksi &hellip; <a href=\"http:\/\/www.valonkuvaaja.com\/blogi\/rss-syotteet\">Lue loppuun <span class=\"meta-nav\">&rarr;<\/span><\/a><\/p>\n","protected":false},"author":1,"featured_media":0,"parent":0,"menu_order":4,"comment_status":"closed","ping_status":"closed","template":"","meta":{"footnotes":""},"class_list":["post-930","page","type-page","status-publish","hentry"],"aioseo_notices":[],"_links":{"self":[{"href":"http:\/\/www.valonkuvaaja.com\/blogi\/wp-json\/wp\/v2\/pages\/930","targetHints":{"allow":["GET"]}}],"collection":[{"href":"http:\/\/www.valonkuvaaja.com\/blogi\/wp-json\/wp\/v2\/pages"}],"about":[{"href":"http:\/\/www.valonkuvaaja.com\/blogi\/wp-json\/wp\/v2\/types\/page"}],"author":[{"embeddable":true,"href":"http:\/\/www.valonkuvaaja.com\/blogi\/wp-json\/wp\/v2\/users\/1"}],"replies":[{"embeddable":true,"href":"http:\/\/www.valonkuvaaja.com\/blogi\/wp-json\/wp\/v2\/comments?post=930"}],"version-history":[{"count":31,"href":"http:\/\/www.valonkuvaaja.com\/blogi\/wp-json\/wp\/v2\/pages\/930\/revisions"}],"predecessor-version":[{"id":6191,"href":"http:\/\/www.valonkuvaaja.com\/blogi\/wp-json\/wp\/v2\/pages\/930\/revisions\/6191"}],"wp:attachment":[{"href":"http:\/\/www.valonkuvaaja.com\/blogi\/wp-json\/wp\/v2\/media?parent=930"}],"curies":[{"name":"wp","href":"https:\/\/api.w.org\/{rel}","templated":true}]}}